mmon factor of 23106 and 18.
6
What is the greatest common divisor of 148189 and 1564?
391
What is the highest common factor of 54 and 61794?
18
Calculate the greatest common divisor of 900 and 201900.
300
What is the highest common divisor of 1227206 and 2488?
622
What is the highest common divisor of 846954 and 4431?
633
Calculate the highest common factor of 716 and 501737.
179
Calculate the highest common factor of 729 and 304641.
81
What is the greatest common factor of 2852 and 1643?
31
Calculate the greatest common factor of 1690 and 25337.
13
What is the highest common factor of 1793562 and 114?
114
What is the greatest common divisor of 64 and 80448?
64
Calculate the highest common factor of 1044 and 1231920.
1044
Calculate the highest common divisor of 36927 and 297.
99
What is the greatest common factor of 5380 and 1828124?
1076
Calculate the greatest common divisor of 99 and 514503.
99
Calculate the highest common factor of 3528 and 10008.
72
What is the greatest common factor of 19924 and 204?
68
What is the highest common divisor of 33627 and 286?
11
What is the greatest common factor of 426049 and 1352?
169
What is the highest common divisor of 25576 and 9706?
46
What is the greatest common divisor of 246 and 116?
2
Calculate the highest common factor of 2982 and 252.
42
Calculate the highest common factor of 42 and 1623867.
21
What is the greatest common divisor of 1493 and 3732500?
1493
What is the highest common factor of 2 and 981038?
2
What is the greatest common factor of 1040 and 4670?
10
Calculate the greatest common divisor of 964 and 2348.
4
Calculate the highest common divisor of 376 and 38446.
94
What is the highest common divisor of 1386594 and 132?
66
What is the greatest common factor of 1541059 and 13?
13
Calculate the highest common factor of 42141 and 33.
33
Calculate the highest common factor of 16682 and 23267.
439
Calculate the highest common factor of 242 and 179806.
242
What is the greatest common divisor of 380 and 21755?
95
What is the highest common divisor of 2406368 and 1623?
541
What is the greatest common divisor of 904 and 9528?
8
What is the greatest common divisor of 2592 and 1380888?
648
Calculate the greatest common factor of 1158 and 114.
6
Calculate the greatest common factor of 65 and 4819685.
65
Calculate the greatest common divisor of 57 and 321.
3
What is the greatest common factor of 594 and 704?
22
Calculate the highest common factor of 35011 and 446.
223
What is the highest common divisor of 7348 and 4708?
44
What is the greatest common factor of 44813 and 492?
41
What is the highest common factor of 1364 and 390852?
44
Calculate the greatest common divisor of 2236735 and 4035.
1345
What is the greatest common factor of 425 and 38845?
85
Calculate the greatest common divisor of 416 and 1274.
26
Calculate the highest common factor of 159 and 184069.
53
What is the greatest common factor of 64260 and 11985?
255
Calculate the greatest common factor of 29232 and 288.
144
What is the highest common factor of 5396 and 342?
38
What is the greatest common divisor of 93 and 1835727?
93
Calculate the greatest common divisor of 2405 and 5920.
185
Calculate the highest common factor of 46 and 220685.
23
What is the highest common divisor of 6145 and 222449?
1229
Calculate the highest common divisor of 24244 and 110.
22
What is the greatest common divisor of 140 and 160880?
20
Calculate the greatest common factor of 154 and 3454.
22
What is the highest common divisor of 93 and 6541?
31
What is the highest common divisor of 90 and 24540?
30
What is the highest common factor of 60 and 73960?
20
What is the highest common divisor of 61824 and 256?
128
What is the highest common divisor of 480925 and 375?
25
What is the greatest common factor of 68523 and 546?
273
Calculate the highest common divisor of 22 and 188177.
11
Calculate the highest common divisor of 10858 and 1342.
122
What is the greatest common factor of 101500 and 896?
28
Calculate the greatest common divisor of 12 and 12651684.
12
Calculate the highest common divisor of 2919 and 271884.
417
What is the highest common factor of 539 and 4697?
77
What is the highest common factor of 1224 and 34641?
9
Calculate the greatest common divisor of 164 and 267689.
41
Calculate the highest common divisor of 5782 and 392.
98
What is the highest common factor of 15158 and 319?
11
What is the greatest common factor of 2669 and 9078?
17
Calculate the greatest common factor of 1312 and 1376.
32
What is the greatest common divisor of 284 and 111257?
71
Calculate the highest common factor of 109559 and 801.
89
Calculate the greatest common factor of 5325893 and 31.
31
What is the greatest common divisor of 1165 and 25863?
233
Calculate the greatest common factor of 95215 and 137.
137
Calculate the highest common divisor of 144 and 137648.
16
What is the greatest common divisor of 48 and 867?
3
What is the greatest common divisor of 42368 and 1256?
8
What is the greatest common divisor of 265 and 5175?
5
What is the greatest common factor of 1748 and 6422?
38
Calculate the highest common factor of 1704 and 2496.
24
What is the greatest common divisor of 1485 and 828927?
297
Calculate the greatest common divisor of 576 and 22140.
36
Calculate the highest common factor of 427 and 1388177.
427
Calculate the highest common factor of 1118 and 268922.
86
Calculate the greatest common factor of 1060089 and 16527.
2361
What is the greatest common divisor of 433927 and 377?
377
Calculate the highest common factor of 1110 and 2632365.
555
Calculate the highest common divisor of 10728669 and 21.
21
What is the highest common factor of 429 and 57805?
11
Calculate the greatest common divisor of 128 and 216.
8
Calculate the highest common factor of 6566 and 3822.
98
What is the highest common factor of 12200 and 3200?
200
What is the greatest common divisor of 174404 and 236?
236
Calculate the highest common divisor of 15136 and 880.
176
What is the greatest common factor of 436350 and 3450?
150
What is the highest common divisor of 96 and 554096?
16
What is the greatest common factor of 395145 and 450?
45
What is the greatest common factor of 19872 and 1062?
18
What is the highest common factor of 402425 and 25?
25
Calculate the highest common factor of 187933 and 138.
23
What is the greatest common factor of 880 and 5654?
22
Calculate the greatest common factor of 136 and 7684.
68
Calculate the highest common divisor of 904534 and 1162.
166
What is the greatest common divisor of 28 and 64164?
4
Calculate the greatest common divisor of 572 and 6500.
52
Calculate the greatest common divisor of 1952712 and 1776.
888
Calculate the highest common factor of 1227 and 3.
3
Calculate the greatest common factor of 25839 and 19998.
99
What is the highest common divisor of 14577 and 903?
129
What is the greatest common factor of 2989 and 4312?
49
Calculate the highest common factor of 240 and 6384.
48
What is the greatest common factor of 35685 and 45?
45
What is the highest common factor of 11919 and 111099?
87
What is the highest common divisor of 42968 and 82?
82
Calculate the greatest common divisor of 751916 and 32384.
1012
What is the highest common divisor of 293652 and 108?
108
Calculate the greatest common factor of 74 and 1406.
74
What is the highest common factor of 77916 and 48762?
258
Calculate the greatest common divisor of 11 and 22583.
11
What is the highest common factor of 34431 and 69?
69
Calculate the greatest common factor of 1073333 and 37.
37
What is the greatest common factor of 5332 and 13588?
172
What is the greatest common factor of 10405 and 40?
5
Calculate the highest common divisor of 23068 and 8532.
316
Calculate the greatest common factor of 94757 and 481.
481
Calculate the highest common divisor of 33674 and 5662.
298
What is the greatest common divisor of 561 and 7359?
33
What is the greatest common factor of 75887 and 777?
259
Calculate the greatest common factor of 414 and 7578.
18
Calculate the greatest common divisor of 96220 and 40.
20
What is the greatest common divisor of 13700 and 225?
25
What is the greatest common divisor of 4 and 108876?
4
What is the highest common factor of 18339 and 12?
3
What is the greatest common divisor of 3